{"id":20534,"date":"2022-02-01T19:01:51","date_gmt":"2022-02-01T19:01:51","guid":{"rendered":"https:\/\/www.ff-nitscha.at\/wptes\/?page_id=20534"},"modified":"2022-03-30T18:38:10","modified_gmt":"2022-03-30T17:38:10","slug":"quereinsteiger","status":"publish","type":"page","link":"https:\/\/www.ff-nitscha.at\/?page_id=20534","title":{"rendered":"Quereinsteiger"},"content":{"rendered":"\t\t<div data-elementor-type=\"wp-page\" data-elementor-id=\"20534\" class=\"elementor elementor-20534\">\n\t\t\t\t\t\t<section class=\"elementor-section elementor-top-section elementor-element elementor-element-4377d5d elementor-section-boxed elementor-section-height-default elementor-section-height-default\" data-id=\"4377d5d\" data-element_type=\"section\" data-e-type=\"section\">\n\t\t\t\t\t\t<div class=\"elementor-container elementor-column-gap-default\">\n\t\t\t\t\t<div class=\"elementor-column elementor-col-100 elementor-top-column elementor-element elementor-element-8c8753c\" data-id=\"8c8753c\" data-element_type=\"column\" data-e-type=\"column\">\n\t\t\t<div class=\"elementor-widget-wrap elementor-element-populated\">\n\t\t\t\t\t\t<div class=\"elementor-element elementor-element-26344d6 elementor-widget elementor-widget-heading\" data-id=\"26344d6\" data-element_type=\"widget\" data-e-type=\"widget\" data-widget_type=\"heading.default\">\n\t\t\t\t<div class=\"elementor-widget-container\">\n\t\t\t\t\t<h2 class=\"elementor-heading-title elementor-size-default\">Quereinsteiger - Ausbildung zur Feuerwehrfrau | zum Feuerwehrmann<\/h2>\t\t\t\t<\/div>\n\t\t\t\t<\/div>\n\t\t\t\t\t<\/div>\n\t\t<\/div>\n\t\t\t\t\t<\/div>\n\t\t<\/section>\n\t\t\t\t<section class=\"elementor-section elementor-top-section elementor-element elementor-element-f852cf8 elementor-section-boxed elementor-section-height-default elementor-section-height-default\" data-id=\"f852cf8\" data-element_type=\"section\" data-e-type=\"section\">\n\t\t\t\t\t\t<div class=\"elementor-container elementor-column-gap-default\">\n\t\t\t\t\t<div class=\"elementor-column elementor-col-100 elementor-top-column elementor-element elementor-element-c303443\" data-id=\"c303443\" data-element_type=\"column\" data-e-type=\"column\">\n\t\t\t<div class=\"elementor-widget-wrap elementor-element-populated\">\n\t\t\t\t\t\t<div class=\"elementor-element elementor-element-c6340cd elementor-widget elementor-widget-text-editor\" data-id=\"c6340cd\" data-element_type=\"widget\" data-e-type=\"widget\" data-widget_type=\"text-editor.default\">\n\t\t\t\t<div class=\"elementor-widget-container\">\n\t\t\t\t\t\t\t\t\t<h3><strong>Schon mal daran gedacht, Mitglied bei der Freiwilligen Feuerwehr zu werden?<\/strong><\/h3>\t\t\t\t\t\t\t\t<\/div>\n\t\t\t\t<\/div>\n\t\t\t\t\t<\/div>\n\t\t<\/div>\n\t\t\t\t\t<\/div>\n\t\t<\/section>\n\t\t\t\t<section class=\"elementor-section elementor-top-section elementor-element elementor-element-029a915 elementor-section-boxed elementor-section-height-default elementor-section-height-default\" data-id=\"029a915\" data-element_type=\"section\" data-e-type=\"section\">\n\t\t\t\t\t\t<div class=\"elementor-container elementor-column-gap-default\">\n\t\t\t\t\t<div class=\"elementor-column elementor-col-100 elementor-top-column elementor-element elementor-element-4c758f1\" data-id=\"4c758f1\" data-element_type=\"column\" data-e-type=\"column\">\n\t\t\t<div class=\"elementor-widget-wrap elementor-element-populated\">\n\t\t\t\t\t\t<div class=\"elementor-element elementor-element-eb044ec elementor-widget elementor-widget-text-editor\" data-id=\"eb044ec\" data-element_type=\"widget\" data-e-type=\"widget\" data-widget_type=\"text-editor.default\">\n\t\t\t\t<div class=\"elementor-widget-container\">\n\t\t\t\t\t\t\t\t\t<p><strong>Du m\u00f6chtest Dich auch im Feuerwehr-Dienst bet\u00e4tigen, scheust aber die lange feuerwehrtechnische Ausbildung?<\/strong><\/p>\n<p>Kein Problem &#8211; als Quereinsteiger erm\u00f6glichen wir auch Erwachsenen und Sp\u00e4tberufenen den Einstieg in den Feuerwehrdienst.<\/p>\n<div>\n<p>Wir sind immer auf der Suche nach feuerwehrinteressierten B\u00fcrgerinnen und B\u00fcrgern, die in Nitscha wohnen und\/oder arbeiten und sich ehrenamtlich engagieren wollen, um anderen in der Not zu helfen.<\/p>\n<p><\/p>\n<\/div>\n<div>\n<p><strong>Wer kann bei der Feuerwehr mitmachen?<\/strong><\/p>\n<p><strong>Jeder!<\/strong> Egal, ob Mann oder Frau! Ab einem Alter von 15 Jahren kannst Du Dich als &#8222;Quereinsteiger\/-in&#8220; zum ehrenamtlichen Feuerwehrdienst bewerben. Alle J\u00fcngeren sind in der Jugendfeuerwehr herzlich willkommen.<\/p>\n<p><\/p>\n<p><strong>Kostet das etwas?<\/strong><\/p>\n<p><strong>Nein!<\/strong>&nbsp;Jedem Feuerwehrmitglied wird die gesamte pers\u00f6nliche Schutzausr\u00fcstung kostenfrei zur Verf\u00fcgung gestellt.&nbsp;<\/p>\n<p><\/p>\n<\/div>\n<p><strong>Wie kann ich Mitglied werden?<\/strong><\/p>\n<div>\n<p><strong>Ganz einfach!<\/strong>&nbsp;Bei Interesse an der aktiven Mitarbeit in der Feuerwehr bitte einfach eine kurze unverbindliche Nachricht senden. Wir setzen uns umgehend mit Dir in Verbindung, um weitere Details zu kl\u00e4ren.&nbsp;<\/p>\n<p><\/p>\n<\/div>\n<p><strong>Wie sieht die Ausbildung aus?<\/strong><\/p>\n<div>\n<p>Die notwendige Feuerwehrgrundausbildung erfolgt im Rahmen von speziellen Ausbildungen und der Teilnahme an weiterf\u00fchrenden Schulungen. Parallel \u00fcben die Quereinsteiger aber auch schon mit der aktiven Mannschaft mit.&nbsp;<\/p>\n<p><\/p>\n<\/div>\n<p><strong>Noch Fragen?<\/strong><\/p>\n<p><span style=\"font-style: inherit; font-weight: inherit;\">Solltest Du in deiner Entscheidung noch unsicher sein, dann schau doch einfach mal unverbindlich bei einer \u00dcbung vorbei. Wir freuen uns auf Dich!<\/span><\/p>\n<p><span style=\"font-style: inherit; font-weight: inherit;\">Wenn Du Deine Entscheidung schon getroffen hast, dann kannst Du gerne mit uns in Kontakt treten. Alle Kontaktinformationen findest Du auf unseren Seiten.<\/span><br><\/p>\n<p><\/p>\n<p><strong>Zeig was in Dir steckt!<\/strong><\/p>\n<p>Feuerwehrdienst zu leisten hei\u00dft mit Gefahren richtig umzugehen. Unser Ziel ist nicht unkontrolliertes Heldentum, sondern m\u00f6glichst alle Gefahren an einer Einsatzstelle rechtzeitig zu erkennen und auszuschalten.&nbsp; &nbsp;<\/p>\n<p><\/p>\n<p><b>Wie stellen wir uns unsere neue Kameradin oder unseren neuen Kameraden vor?&nbsp;<\/b><\/p>\n<p>Du solltest hilfsbereit sein,&nbsp; Spa\u00df an Arbeit im Team &nbsp;haben und zuverl\u00e4ssig sein.&nbsp;<\/p>\n<p><\/p>\t\t\t\t\t\t\t\t<\/div>\n\t\t\t\t<\/div>\n\t\t\t\t\t<\/div>\n\t\t<\/div>\n\t\t\t\t\t<\/div>\n\t\t<\/section>\n\t\t\t\t<section class=\"elementor-section elementor-top-section elementor-element elementor-element-981090c elementor-section-boxed elementor-section-height-default elementor-section-height-default\" data-id=\"981090c\" data-element_type=\"section\" data-e-type=\"section\">\n\t\t\t\t\t\t<div class=\"elementor-container elementor-column-gap-default\">\n\t\t\t\t\t<div class=\"elementor-column elementor-col-100 elementor-top-column elementor-element elementor-element-76a8f1c\" data-id=\"76a8f1c\" data-element_type=\"column\" data-e-type=\"column\">\n\t\t\t<div class=\"elementor-widget-wrap elementor-element-populated\">\n\t\t\t\t\t\t\t<\/div>\n\t\t<\/div>\n\t\t\t\t\t<\/div>\n\t\t<\/section>\n\t\t\t\t<section class=\"elementor-section elementor-top-section elementor-element elementor-element-222be68 elementor-section-boxed elementor-section-height-default elementor-section-height-default\" data-id=\"222be68\" data-element_type=\"section\" data-e-type=\"section\">\n\t\t\t\t\t\t<div class=\"elementor-container elementor-column-gap-default\">\n\t\t\t\t\t<div class=\"elementor-column elementor-col-100 elementor-top-column elementor-element elementor-element-e003b2e\" data-id=\"e003b2e\" data-element_type=\"column\" data-e-type=\"column\">\n\t\t\t<div class=\"elementor-widget-wrap elementor-element-populated\">\n\t\t\t\t\t\t<div class=\"elementor-element elementor-element-d65b3c4 elementor-widget elementor-widget-text-editor\" data-id=\"d65b3c4\" data-element_type=\"widget\" data-e-type=\"widget\" data-widget_type=\"text-editor.default\">\n\t\t\t\t<div class=\"elementor-widget-container\">\n\t\t\t\t\t\t\t\t\t<p>Wenn wir Dein Interesse geweckt haben und Du Lust hast der Feuerwehr Nitscha beizutreten,<\/p><p>dann melde Dich bei unserem Kommandanten oder Kommandant-Stellvertreter:<\/p>\t\t\t\t\t\t\t\t<\/div>\n\t\t\t\t<\/div>\n\t\t\t\t\t<\/div>\n\t\t<\/div>\n\t\t\t\t\t<\/div>\n\t\t<\/section>\n\t\t\t\t<section class=\"elementor-section elementor-top-section elementor-element elementor-element-9737423 elementor-section-boxed elementor-section-height-default elementor-section-height-default\" data-id=\"9737423\" data-element_type=\"section\" data-e-type=\"section\">\n\t\t\t\t\t\t<div class=\"elementor-container elementor-column-gap-default\">\n\t\t\t\t\t<div class=\"elementor-column elementor-col-50 elementor-top-column elementor-element elementor-element-7b9335f\" data-id=\"7b9335f\" data-element_type=\"column\" data-e-type=\"column\">\n\t\t\t<div class=\"elementor-widget-wrap elementor-element-populated\">\n\t\t\t\t\t\t<div class=\"elementor-element elementor-element-a464d89 elementor-position-right elementor-vertical-align-top elementor-widget elementor-widget-image-box\" data-id=\"a464d89\" data-element_type=\"widget\" data-e-type=\"widget\" data-widget_type=\"image-box.default\">\n\t\t\t\t<div class=\"elementor-widget-container\">\n\t\t\t\t\t<div class=\"elementor-image-box-wrapper\"><figure class=\"elementor-image-box-img\"><a href=\"mailto:wernerkriegl@gmx.net\" tabindex=\"-1\"><img fetchpriority=\"high\" decoding=\"async\" width=\"600\" height=\"900\" src=\"https:\/\/www.ff-nitscha.at\/wp-content\/uploads\/2022\/03\/Kriegl-Werner.jpg\" class=\"attachment-full size-full wp-image-22489\" alt=\"\" srcset=\"https:\/\/www.ff-nitscha.at\/wp-content\/uploads\/2022\/03\/Kriegl-Werner.jpg 600w, https:\/\/www.ff-nitscha.at\/wp-content\/uploads\/2022\/03\/Kriegl-Werner-200x300.jpg 200w\" sizes=\"(max-width: 600px) 100vw, 600px\" \/><\/a><\/figure><div class=\"elementor-image-box-content\"><h3 class=\"elementor-image-box-title\"><a href=\"mailto:wernerkriegl@gmx.net\">HBI Werner Kriegl<\/a><\/h3><p class=\"elementor-image-box-description\">Kommandant\n<br>\n0664\/11 31 780\n<br>\nwernerkriegl@gmx.net<\/p><\/div><\/div>\t\t\t\t<\/div>\n\t\t\t\t<\/div>\n\t\t\t\t\t<\/div>\n\t\t<\/div>\n\t\t\t\t<div class=\"elementor-column elementor-col-50 elementor-top-column elementor-element elementor-element-d2ebaa1\" data-id=\"d2ebaa1\" data-element_type=\"column\" data-e-type=\"column\">\n\t\t\t<div class=\"elementor-widget-wrap elementor-element-populated\">\n\t\t\t\t\t\t<div class=\"elementor-element elementor-element-e450332 elementor-position-left elementor-vertical-align-top elementor-widget elementor-widget-image-box\" data-id=\"e450332\" data-element_type=\"widget\" data-e-type=\"widget\" data-widget_type=\"image-box.default\">\n\t\t\t\t<div class=\"elementor-widget-container\">\n\t\t\t\t\t<div class=\"elementor-image-box-wrapper\"><figure class=\"elementor-image-box-img\"><a href=\"mailto:maurermarkus@gmx.at\" tabindex=\"-1\"><img decoding=\"async\" width=\"600\" height=\"900\" src=\"https:\/\/www.ff-nitscha.at\/wp-content\/uploads\/2022\/03\/Maurer-Markus.jpg\" class=\"attachment-full size-full wp-image-22490\" alt=\"\" srcset=\"https:\/\/www.ff-nitscha.at\/wp-content\/uploads\/2022\/03\/Maurer-Markus.jpg 600w, https:\/\/www.ff-nitscha.at\/wp-content\/uploads\/2022\/03\/Maurer-Markus-200x300.jpg 200w\" sizes=\"(max-width: 600px) 100vw, 600px\" \/><\/a><\/figure><div class=\"elementor-image-box-content\"><h3 class=\"elementor-image-box-title\"><a href=\"mailto:maurermarkus@gmx.at\">OBI Markus Maurer<\/a><\/h3><p class=\"elementor-image-box-description\">Kommandant\u2013Stellvertreter\n<br>\n0664\/515 39 77\n<br>\nmaurermarkus@gmx.at<\/p><\/div><\/div>\t\t\t\t<\/div>\n\t\t\t\t<\/div>\n\t\t\t\t\t<\/div>\n\t\t<\/div>\n\t\t\t\t\t<\/div>\n\t\t<\/section>\n\t\t\t\t<\/div>\n\t\t","protected":false},"excerpt":{"rendered":"<p>Quereinsteiger &#8211; Ausbildung zur Feuerwehrfrau | zum Feuerwehrmann Schon mal daran gedacht, Mitglied bei der Freiwilligen Feuerwehr zu werden? Du m\u00f6chtest Dich auch im Feuerwehr-Dienst bet\u00e4tigen, scheust aber die lange feuerwehrtechnische Ausbildung? Kein Problem &#8211; als Quereinsteiger erm\u00f6glichen wir auch Erwachsenen und Sp\u00e4tberufenen den Einstieg in den Feuerwehrdienst. Wir sind immer auf der Suche nach [&hellip;]<\/p>\n","protected":false},"author":1,"featured_media":0,"parent":0,"menu_order":0,"comment_status":"closed","ping_status":"closed","template":"","meta":{"_acf_changed":false,"_eb_attr":"","site-sidebar-layout":"no-sidebar","site-content-layout":"page-builder","ast-site-content-layout":"","site-content-style":"default","site-sidebar-style":"default","ast-global-header-display":"","ast-banner-title-visibility":"","ast-main-header-display":"","ast-hfb-above-header-display":"","ast-hfb-below-header-display":"","ast-hfb-mobile-header-display":"","site-post-title":"disabled","ast-breadcrumbs-content":"","ast-featured-img":"disabled","footer-sml-layout":"","theme-transparent-header-meta":"","adv-header-id-meta":"","stick-header-meta":"","header-above-stick-meta":"","header-main-stick-meta":"","header-below-stick-meta":"","astra-migrate-meta-layouts":"default","ast-page-background-enabled":"default","ast-page-background-meta":{"desktop":{"background-color":"var(--ast-global-color-4)","background-image":"","background-repeat":"repeat","background-position":"center center","background-size":"auto","background-attachment":"scroll","background-type":"","background-media":"","overlay-type":"","overlay-color":"","overlay-opacity":"","overlay-gradient":""},"tablet":{"background-color":"","background-image":"","background-repeat":"repeat","background-position":"center center","background-size":"auto","background-attachment":"scroll","background-type":"","background-media":"","overlay-type":"","overlay-color":"","overlay-opacity":"","overlay-gradient":""},"mobile":{"background-color":"","background-image":"","background-repeat":"repeat","background-position":"center center","background-size":"auto","background-attachment":"scroll","background-type":"","background-media":"","overlay-type":"","overlay-color":"","overlay-opacity":"","overlay-gradient":""}},"ast-content-background-meta":{"desktop":{"background-color":"var(--ast-global-color-5)","background-image":"","background-repeat":"repeat","background-position":"center center","background-size":"auto","background-attachment":"scroll","background-type":"","background-media":"","overlay-type":"","overlay-color":"","overlay-opacity":"","overlay-gradient":""},"tablet":{"background-color":"var(--ast-global-color-5)","background-image":"","background-repeat":"repeat","background-position":"center center","background-size":"auto","background-attachment":"scroll","background-type":"","background-media":"","overlay-type":"","overlay-color":"","overlay-opacity":"","overlay-gradient":""},"mobile":{"background-color":"var(--ast-global-color-5)","background-image":"","background-repeat":"repeat","background-position":"center center","background-size":"auto","background-attachment":"scroll","background-type":"","background-media":"","overlay-type":"","overlay-color":"","overlay-opacity":"","overlay-gradient":""}},"ngg_post_thumbnail":0,"footnotes":""},"class_list":["post-20534","page","type-page","status-publish","hentry"],"acf":[],"_links":{"self":[{"href":"https:\/\/www.ff-nitscha.at\/index.php?rest_route=\/wp\/v2\/pages\/20534","targetHints":{"allow":["GET"]}}],"collection":[{"href":"https:\/\/www.ff-nitscha.at\/index.php?rest_route=\/wp\/v2\/pages"}],"about":[{"href":"https:\/\/www.ff-nitscha.at\/index.php?rest_route=\/wp\/v2\/types\/page"}],"author":[{"embeddable":true,"href":"https:\/\/www.ff-nitscha.at\/index.php?rest_route=\/wp\/v2\/users\/1"}],"replies":[{"embeddable":true,"href":"https:\/\/www.ff-nitscha.at\/index.php?rest_route=%2Fwp%2Fv2%2Fcomments&post=20534"}],"version-history":[{"count":29,"href":"https:\/\/www.ff-nitscha.at\/index.php?rest_route=\/wp\/v2\/pages\/20534\/revisions"}],"predecessor-version":[{"id":22902,"href":"https:\/\/www.ff-nitscha.at\/index.php?rest_route=\/wp\/v2\/pages\/20534\/revisions\/22902"}],"wp:attachment":[{"href":"https:\/\/www.ff-nitscha.at\/index.php?rest_route=%2Fwp%2Fv2%2Fmedia&parent=20534"}],"curies":[{"name":"wp","href":"https:\/\/api.w.org\/{rel}","templated":true}]}}