{"id":20588,"date":"2022-02-03T15:23:44","date_gmt":"2022-02-03T15:23:44","guid":{"rendered":"https:\/\/www.ff-nitscha.at\/wptes\/?page_id=20588"},"modified":"2022-03-16T14:48:08","modified_gmt":"2022-03-16T14:48:08","slug":"menschenrettung-und-absturzsicherung","status":"publish","type":"page","link":"https:\/\/www.ff-nitscha.at\/?page_id=20588","title":{"rendered":"Menschenrettung und Absturzsicherung"},"content":{"rendered":"\t\t<div data-elementor-type=\"wp-page\" data-elementor-id=\"20588\" class=\"elementor elementor-20588\">\n\t\t\t\t\t\t<section class=\"elementor-section elementor-top-section elementor-element elementor-element-41a2214 elementor-section-boxed elementor-section-height-default elementor-section-height-default\" data-id=\"41a2214\" data-element_type=\"section\" data-e-type=\"section\">\n\t\t\t\t\t\t<div class=\"elementor-container elementor-column-gap-default\">\n\t\t\t\t\t<div class=\"elementor-column elementor-col-100 elementor-top-column elementor-element elementor-element-5f87937\" data-id=\"5f87937\" data-element_type=\"column\" data-e-type=\"column\">\n\t\t\t<div class=\"elementor-widget-wrap elementor-element-populated\">\n\t\t\t\t\t\t<div class=\"elementor-element elementor-element-854d69a elementor-widget elementor-widget-heading\" data-id=\"854d69a\" data-element_type=\"widget\" data-e-type=\"widget\" data-widget_type=\"heading.default\">\n\t\t\t\t<div class=\"elementor-widget-container\">\n\t\t\t\t\t<h2 class=\"elementor-heading-title elementor-size-default\">Menschenrettung und Absturzsicherung<\/h2>\t\t\t\t<\/div>\n\t\t\t\t<\/div>\n\t\t\t\t\t<\/div>\n\t\t<\/div>\n\t\t\t\t\t<\/div>\n\t\t<\/section>\n\t\t\t\t<section class=\"elementor-section elementor-top-section elementor-element elementor-element-a702ac5 elementor-section-boxed elementor-section-height-default elementor-section-height-default\" data-id=\"a702ac5\" data-element_type=\"section\" data-e-type=\"section\">\n\t\t\t\t\t\t<div class=\"elementor-container elementor-column-gap-default\">\n\t\t\t\t\t<div class=\"elementor-column elementor-col-100 elementor-top-column elementor-element elementor-element-4976acd\" data-id=\"4976acd\" data-element_type=\"column\" data-e-type=\"column\">\n\t\t\t<div class=\"elementor-widget-wrap elementor-element-populated\">\n\t\t\t\t\t\t<div class=\"elementor-element elementor-element-0e0704d elementor-widget elementor-widget-text-editor\" data-id=\"0e0704d\" data-element_type=\"widget\" data-e-type=\"widget\" data-widget_type=\"text-editor.default\">\n\t\t\t\t<div class=\"elementor-widget-container\">\n\t\t\t\t\t\t\t\t\t<p>In den letzten Jahren hat sich der Aufgabenbereich der Feuerwehr um ein Vielfaches erweitert. Schon lange ist das L\u00f6schen von Br\u00e4nden nicht mehr die einzige Aufgabe der Feuerwehr.<\/p><p>Aus diesem Grund hat das Sachgebiet <strong>Menschenrettung und Absturzsicherung<\/strong> (kurz MRAS) im Jahr 2013 Einzug bei der Freiwilligen Feuerwehr Nitscha gefunden. Zu diesem Zeitpunkt hatten wir bereits vier ausgebildete Kameraden auf diesem Gebiet. Diese mehrt\u00e4gige Ausbildung wird in der Feuerwehr- und Zivilschutzschule in Lebring abgehalten. Daher beschlossen wir eine Trupp-Ausr\u00fcstung und ein Vier Mann-Set anzukaufen. Dieses Equipment beinhaltet unter anderen div. Seile, Bandschlingen, Karabiner und Auffanggurte f\u00fcr unsere Kamerad-innen.<\/p><p>Die Hauptaufgabe besteht darin, bei \u00dcbungen und Eins\u00e4tzen unser Einsatzpersonal in exponierten Lagen abzusichern und vor einem Absturz zu bewahren. Das Arbeiten in schwer zug\u00e4nglichen und absturzgef\u00e4hrdeten Einsatzbereichen erfordert ein H\u00f6chstma\u00df an Aufmerksamkeit, k\u00f6rperliche Kraft und Kondition, sowie speziell ausgebildete Einsatzkr\u00e4fte.<\/p><p>In Bereichen, wo es durch den kleinsten Fehler zu schweren, ja leider auch zu t\u00f6dlichen Unf\u00e4llen kommen kann, liegt es in erster Linie am Charakter der Personen die sich f\u00fcr diese Eins\u00e4tze ausbilden lassen, es selbst abzusch\u00e4tzen ob Sie im Ernstfall auch tats\u00e4chlich im Stande sind, auch bei den widrigsten Wetterverh\u00e4ltnissen diese Ma\u00dfnahmen durchzuf\u00fchren!<\/p><p>Um im Einsatzfall bestens vorbereitet zu sein werden mehrere \u00dcbungen im Jahr, in kleinen Gruppen durchgef\u00fchrt. Dabei wird besonderes Augenmerk auf die Knotenkunde und der Umgang mit der pers\u00f6nlichen Schutzausr\u00fcstung gelegt. Bei den \u00dcbungen werden verschiedenste Szenarien wie z.B. das Arbeiten auf D\u00e4cher oder im steilen Gel\u00e4nde trainiert. Silo und Schacht-Rettungen sind nat\u00fcrlich auch ein wichtiger Teil der Aus- und Weiterbildung.<\/p>\t\t\t\t\t\t\t\t<\/div>\n\t\t\t\t<\/div>\n\t\t\t\t\t<\/div>\n\t\t<\/div>\n\t\t\t\t\t<\/div>\n\t\t<\/section>\n\t\t\t\t<section class=\"elementor-section elementor-top-section elementor-element elementor-element-3bb9ec9 elementor-section-boxed elementor-section-height-default elementor-section-height-default\" data-id=\"3bb9ec9\" data-element_type=\"section\" data-e-type=\"section\">\n\t\t\t\t\t\t<div class=\"elementor-container elementor-column-gap-default\">\n\t\t\t\t\t<div class=\"elementor-column elementor-col-100 elementor-top-column elementor-element elementor-element-5d5960d\" data-id=\"5d5960d\" data-element_type=\"column\" data-e-type=\"column\">\n\t\t\t<div class=\"elementor-widget-wrap elementor-element-populated\">\n\t\t\t\t\t\t<div class=\"elementor-element elementor-element-e4fbaae elementor-widget elementor-widget-text-editor\" data-id=\"e4fbaae\" data-element_type=\"widget\" data-e-type=\"widget\" data-widget_type=\"text-editor.default\">\n\t\t\t\t<div class=\"elementor-widget-container\">\n\t\t\t\t\t\t\t\t\t<p><strong>!!! Denn nur gut ausgebildete und gut ausger\u00fcstete Einsatzkr\u00e4fte sind in Stande sicher und schnell zu helfen !!!<\/strong><\/p>\t\t\t\t\t\t\t\t<\/div>\n\t\t\t\t<\/div>\n\t\t\t\t\t<\/div>\n\t\t<\/div>\n\t\t\t\t\t<\/div>\n\t\t<\/section>\n\t\t\t\t<section class=\"elementor-section elementor-top-section elementor-element elementor-element-0242f0f elementor-section-boxed elementor-section-height-default elementor-section-height-default\" data-id=\"0242f0f\" data-element_type=\"section\" data-e-type=\"section\">\n\t\t\t\t\t\t<div class=\"elementor-container elementor-column-gap-default\">\n\t\t\t\t\t<div class=\"elementor-column elementor-col-100 elementor-top-column elementor-element elementor-element-4725c4b\" data-id=\"4725c4b\" data-element_type=\"column\" data-e-type=\"column\">\n\t\t\t<div class=\"elementor-widget-wrap elementor-element-populated\">\n\t\t\t\t\t\t\t<\/div>\n\t\t<\/div>\n\t\t\t\t\t<\/div>\n\t\t<\/section>\n\t\t\t\t<\/div>\n\t\t","protected":false},"excerpt":{"rendered":"<p>Menschenrettung und Absturzsicherung In den letzten Jahren hat sich der Aufgabenbereich der Feuerwehr um ein Vielfaches erweitert. Schon lange ist das L\u00f6schen von Br\u00e4nden nicht mehr die einzige Aufgabe der Feuerwehr. Aus diesem Grund hat das Sachgebiet Menschenrettung und Absturzsicherung (kurz MRAS) im Jahr 2013 Einzug bei der Freiwilligen Feuerwehr Nitscha gefunden. Zu diesem Zeitpunkt [&hellip;]<\/p>\n","protected":false},"author":1,"featured_media":0,"parent":0,"menu_order":0,"comment_status":"closed","ping_status":"closed","template":"","meta":{"_acf_changed":false,"_eb_attr":"","site-sidebar-layout":"no-sidebar","site-content-layout":"page-builder","ast-site-content-layout":"","site-content-style":"default","site-sidebar-style":"default","ast-global-header-display":"","ast-banner-title-visibility":"","ast-main-header-display":"","ast-hfb-above-header-display":"","ast-hfb-below-header-display":"","ast-hfb-mobile-header-display":"","site-post-title":"disabled","ast-breadcrumbs-content":"","ast-featured-img":"disabled","footer-sml-layout":"","theme-transparent-header-meta":"","adv-header-id-meta":"","stick-header-meta":"","header-above-stick-meta":"","header-main-stick-meta":"","header-below-stick-meta":"","astra-migrate-meta-layouts":"default","ast-page-background-enabled":"default","ast-page-background-meta":{"desktop":{"background-color":"var(--ast-global-color-4)","background-image":"","background-repeat":"repeat","background-position":"center center","background-size":"auto","background-attachment":"scroll","background-type":"","background-media":"","overlay-type":"","overlay-color":"","overlay-opacity":"","overlay-gradient":""},"tablet":{"background-color":"","background-image":"","background-repeat":"repeat","background-position":"center center","background-size":"auto","background-attachment":"scroll","background-type":"","background-media":"","overlay-type":"","overlay-color":"","overlay-opacity":"","overlay-gradient":""},"mobile":{"background-color":"","background-image":"","background-repeat":"repeat","background-position":"center center","background-size":"auto","background-attachment":"scroll","background-type":"","background-media":"","overlay-type":"","overlay-color":"","overlay-opacity":"","overlay-gradient":""}},"ast-content-background-meta":{"desktop":{"background-color":"var(--ast-global-color-5)","background-image":"","background-repeat":"repeat","background-position":"center center","background-size":"auto","background-attachment":"scroll","background-type":"","background-media":"","overlay-type":"","overlay-color":"","overlay-opacity":"","overlay-gradient":""},"tablet":{"background-color":"var(--ast-global-color-5)","background-image":"","background-repeat":"repeat","background-position":"center center","background-size":"auto","background-attachment":"scroll","background-type":"","background-media":"","overlay-type":"","overlay-color":"","overlay-opacity":"","overlay-gradient":""},"mobile":{"background-color":"var(--ast-global-color-5)","background-image":"","background-repeat":"repeat","background-position":"center center","background-size":"auto","background-attachment":"scroll","background-type":"","background-media":"","overlay-type":"","overlay-color":"","overlay-opacity":"","overlay-gradient":""}},"ngg_post_thumbnail":0,"footnotes":""},"class_list":["post-20588","page","type-page","status-publish","hentry"],"acf":[],"_links":{"self":[{"href":"https:\/\/www.ff-nitscha.at\/index.php?rest_route=\/wp\/v2\/pages\/20588","targetHints":{"allow":["GET"]}}],"collection":[{"href":"https:\/\/www.ff-nitscha.at\/index.php?rest_route=\/wp\/v2\/pages"}],"about":[{"href":"https:\/\/www.ff-nitscha.at\/index.php?rest_route=\/wp\/v2\/types\/page"}],"author":[{"embeddable":true,"href":"https:\/\/www.ff-nitscha.at\/index.php?rest_route=\/wp\/v2\/users\/1"}],"replies":[{"embeddable":true,"href":"https:\/\/www.ff-nitscha.at\/index.php?rest_route=%2Fwp%2Fv2%2Fcomments&post=20588"}],"version-history":[{"count":25,"href":"https:\/\/www.ff-nitscha.at\/index.php?rest_route=\/wp\/v2\/pages\/20588\/revisions"}],"predecessor-version":[{"id":22202,"href":"https:\/\/www.ff-nitscha.at\/index.php?rest_route=\/wp\/v2\/pages\/20588\/revisions\/22202"}],"wp:attachment":[{"href":"https:\/\/www.ff-nitscha.at\/index.php?rest_route=%2Fwp%2Fv2%2Fmedia&parent=20588"}],"curies":[{"name":"wp","href":"https:\/\/api.w.org\/{rel}","templated":true}]}}