{"id":20886,"date":"2022-02-05T10:09:41","date_gmt":"2022-02-05T10:09:41","guid":{"rendered":"https:\/\/www.ff-nitscha.at\/wptes\/?page_id=20886"},"modified":"2022-03-30T18:25:44","modified_gmt":"2022-03-30T17:25:44","slug":"atemschutz","status":"publish","type":"page","link":"https:\/\/www.ff-nitscha.at\/?page_id=20886","title":{"rendered":"Atemschutz"},"content":{"rendered":"\t\t<div data-elementor-type=\"wp-page\" data-elementor-id=\"20886\" class=\"elementor elementor-20886\">\n\t\t\t\t\t\t<section class=\"elementor-section elementor-top-section elementor-element elementor-element-726535b elementor-section-boxed elementor-section-height-default elementor-section-height-default\" data-id=\"726535b\" data-element_type=\"section\" data-e-type=\"section\">\n\t\t\t\t\t\t<div class=\"elementor-container elementor-column-gap-default\">\n\t\t\t\t\t<div class=\"elementor-column elementor-col-100 elementor-top-column elementor-element elementor-element-3f8b587\" data-id=\"3f8b587\" data-element_type=\"column\" data-e-type=\"column\">\n\t\t\t<div class=\"elementor-widget-wrap elementor-element-populated\">\n\t\t\t\t\t\t<div class=\"elementor-element elementor-element-32bd652 elementor-widget elementor-widget-heading\" data-id=\"32bd652\" data-element_type=\"widget\" data-e-type=\"widget\" data-widget_type=\"heading.default\">\n\t\t\t\t<div class=\"elementor-widget-container\">\n\t\t\t\t\t<h2 class=\"elementor-heading-title elementor-size-default\">Atemschutz<\/h2>\t\t\t\t<\/div>\n\t\t\t\t<\/div>\n\t\t\t\t\t<\/div>\n\t\t<\/div>\n\t\t\t\t\t<\/div>\n\t\t<\/section>\n\t\t\t\t<section class=\"elementor-section elementor-top-section elementor-element elementor-element-f3986b6 elementor-section-boxed elementor-section-height-default elementor-section-height-default\" data-id=\"f3986b6\" data-element_type=\"section\" data-e-type=\"section\">\n\t\t\t\t\t\t<div class=\"elementor-container elementor-column-gap-default\">\n\t\t\t\t\t<div class=\"elementor-column elementor-col-100 elementor-top-column elementor-element elementor-element-23d3f41\" data-id=\"23d3f41\" data-element_type=\"column\" data-e-type=\"column\">\n\t\t\t<div class=\"elementor-widget-wrap elementor-element-populated\">\n\t\t\t\t\t\t<div class=\"elementor-element elementor-element-658fe9e elementor-widget elementor-widget-text-editor\" data-id=\"658fe9e\" data-element_type=\"widget\" data-e-type=\"widget\" data-widget_type=\"text-editor.default\">\n\t\t\t\t<div class=\"elementor-widget-container\">\n\t\t\t\t\t\t\t\t\t<p>Das Thema \u201eAtemschutz\u201c ist bei den verschiedensten Arten von Eins\u00e4tzen, bei denen die Umgebungsluft kontaminiert oder nicht vorhanden ist, nicht mehr wegzudenken. Nur durch regelm\u00e4\u00dfiges Training und technische Weiterbildungen ist es als Atemschutzger\u00e4tetr\u00e4ger m\u00f6glich mit den extremen Einsatzverh\u00e4ltnissen und k\u00f6rperlichen Belastungen umzugehen. Regelm\u00e4\u00dfige Einsatz\u00fcbungen, Bewerbsteilnahmen und Kursbesuche in der Feuerwehr- und Zivilschutzschule Steiermark sind die Regel. Denn nur durch eingespielte und taktisch perfekte Arbeitsabl\u00e4ufe im Trupp k\u00f6nnen Mensch, Tier und Sachg\u00fcter gerettet und Unf\u00e4lle verhindert werden.<\/p>\n<p><\/p>\n<p>Feuerwehrfrauen \u2013 und M\u00e4nner k\u00f6nnen sich nach Absolvierung der Grundausbildung und vollendetem 18. Lebensjahr der Herausforderung des Atemschutzger\u00e4tetr\u00e4gers stellen. Nach einer dreit\u00e4gigen, positiv bestandenen Ausbildung zum Atemschutzger\u00e4tetr\u00e4ger in der Feuerwehr- und Zivilschutzschule Steiermark d\u00fcrfen sich die Absolventen \u201eAtemschutzger\u00e4tetr\u00e4ger\u201c nennen.<\/p>\n<p>Neben der psychischen Belastungsf\u00e4higkeit muss jeder Atemschutztr\u00e4ger auch k\u00f6rperlich top fit sein.<\/p>\n<p>Die k\u00f6rperliche Atemschutztauglichkeit unserer Atemschutzger\u00e4tetr\u00e4ger wird in einem 3-stufigen Modell dargestellt.<\/p>\n<p><\/p>\n<p><strong>&nbsp;<\/strong><\/p>\n<p><strong>Positiv absolvierter AKL Test:<\/strong><\/p>\n<p>Dabei wird die <strong>A<\/strong>tem,- <strong>K<\/strong>reislauf,- und <strong>L<\/strong>ungenfunktion \u00fcberpr\u00fcft. Die Atemschutzger\u00e4tetr\u00e4gertauglichkeitsuntersuchung hat eine G\u00fcltigkeit von max. f\u00fcnf Jahren und wird bei uns vom Sportmediziner Dr. med. univ. Peter Rosenberger durchgef\u00fchrt.<\/p>\n<p><strong>&nbsp;<\/strong><\/p>\n<p><strong>\u00d6FAST:<\/strong><\/p>\n<p>Der \u201e<strong>\u00d6<\/strong>sterreichische <strong>F<\/strong>euerwehr-<strong>A<\/strong>tem-<strong>S<\/strong>chutz-<strong>T<\/strong>est\u201c muss von allen aktiven Atemschutzger\u00e4tetr\u00e4gern j\u00e4hrlich durchgef\u00fchrt werden.<\/p>\n<p><br><\/p>\n<p>Tagesverfassung:<\/p>\n<p>Nur wer sich k\u00f6rperlich und psychisch ausreichend leistungsf\u00e4hig f\u00fchlt, darf in den Atemschutzeinsatz gehen. Eine falsche Einsch\u00e4tzung der Tagesverfassung kann schwere Folgen mit sich ziehen.<\/p>\n<p><\/p>\n<p>Unsere Feuerwehr hat zurzeit rund 20<span style=\"background-color: rgb(255, 255, 255); --wp-dark-mode-inline-bgcolor:#242525;\" data-darkreader-inline-bgcolor=\"\">&nbsp;<\/span><span style=\"background-color: rgb(255, 255, 255); font-size: 1rem; font-style: inherit; font-weight: inherit; --wp-dark-mode-inline-bgcolor:#242525;\" data-darkreader-inline-bgcolor=\"\">perfekt ausgebildete und einsatztaugliche Atemschutzger\u00e4tetr\u00e4ger. Unsere Feuerwehr ist stolz auf solch eine hohe Anzahl an Atemschutzger\u00e4tetr\u00e4ger.<\/span><\/p>\n<p><span style=\"background-color: rgb(255, 255, 255); font-size: 1rem; font-style: inherit; font-weight: inherit; --wp-dark-mode-inline-bgcolor:#242525;\" data-darkreader-inline-bgcolor=\"\"><br><\/span><\/p>\n<p><strong>Atemschutzwart<\/strong><\/p>\n<p>Zu den Aufgaben des Atemschutzwartes z\u00e4hlen nicht nur \u00dcberpr\u00fcfung und Wartung der Atemschutzger\u00e4te, sondern auch das Fort- und Weiterbilden der aktiven Atemschutzger\u00e4tetr\u00e4ger. Um immer auf dem neusten Stand zu sein und das Wissen den Kameraden bestens zu \u00fcbermitteln, geh\u00f6ren regelm\u00e4\u00dfige \u00dcbungen und Weiterbildungen zu den Aufgaben des Atemschutzwart. Die gute Kameradschaft und der Zusammenhalt stehen bei uns in der Feuerwehr an erster Stelle. Denn nur gemeinsam k\u00f6nnen wir unser Ehrenamt gewissenhaft ausf\u00fchren und f\u00fcr die Bev\u00f6lkerung zu jeder Tages- und Nachtzeit auf Abruf zur Seite stehen.<\/p>\n<p><\/p>\t\t\t\t\t\t\t\t<\/div>\n\t\t\t\t<\/div>\n\t\t\t\t\t<\/div>\n\t\t<\/div>\n\t\t\t\t\t<\/div>\n\t\t<\/section>\n\t\t\t\t<section class=\"elementor-section elementor-top-section elementor-element elementor-element-d0c968f elementor-section-boxed elementor-section-height-default elementor-section-height-default\" data-id=\"d0c968f\" data-element_type=\"section\" data-e-type=\"section\">\n\t\t\t\t\t\t<div class=\"elementor-container elementor-column-gap-default\">\n\t\t\t\t\t<div class=\"elementor-column elementor-col-100 elementor-top-column elementor-element elementor-element-0d0753d\" data-id=\"0d0753d\" data-element_type=\"column\" data-e-type=\"column\">\n\t\t\t<div class=\"elementor-widget-wrap elementor-element-populated\">\n\t\t\t\t\t\t\t<\/div>\n\t\t<\/div>\n\t\t\t\t\t<\/div>\n\t\t<\/section>\n\t\t\t\t<\/div>\n\t\t","protected":false},"excerpt":{"rendered":"<p>Atemschutz Das Thema \u201eAtemschutz\u201c ist bei den verschiedensten Arten von Eins\u00e4tzen, bei denen die Umgebungsluft kontaminiert oder nicht vorhanden ist, nicht mehr wegzudenken. Nur durch regelm\u00e4\u00dfiges Training und technische Weiterbildungen ist es als Atemschutzger\u00e4tetr\u00e4ger m\u00f6glich mit den extremen Einsatzverh\u00e4ltnissen und k\u00f6rperlichen Belastungen umzugehen. Regelm\u00e4\u00dfige Einsatz\u00fcbungen, Bewerbsteilnahmen und Kursbesuche in der Feuerwehr- und Zivilschutzschule Steiermark sind [&hellip;]<\/p>\n","protected":false},"author":1,"featured_media":0,"parent":0,"menu_order":0,"comment_status":"closed","ping_status":"closed","template":"","meta":{"_acf_changed":false,"_eb_attr":"","site-sidebar-layout":"no-sidebar","site-content-layout":"page-builder","ast-site-content-layout":"","site-content-style":"default","site-sidebar-style":"default","ast-global-header-display":"","ast-banner-title-visibility":"","ast-main-header-display":"","ast-hfb-above-header-display":"","ast-hfb-below-header-display":"","ast-hfb-mobile-header-display":"","site-post-title":"disabled","ast-breadcrumbs-content":"","ast-featured-img":"disabled","footer-sml-layout":"","theme-transparent-header-meta":"","adv-header-id-meta":"","stick-header-meta":"","header-above-stick-meta":"","header-main-stick-meta":"","header-below-stick-meta":"","astra-migrate-meta-layouts":"default","ast-page-background-enabled":"default","ast-page-background-meta":{"desktop":{"background-color":"var(--ast-global-color-4)","background-image":"","background-repeat":"repeat","background-position":"center center","background-size":"auto","background-attachment":"scroll","background-type":"","background-media":"","overlay-type":"","overlay-color":"","overlay-opacity":"","overlay-gradient":""},"tablet":{"background-color":"","background-image":"","background-repeat":"repeat","background-position":"center center","background-size":"auto","background-attachment":"scroll","background-type":"","background-media":"","overlay-type":"","overlay-color":"","overlay-opacity":"","overlay-gradient":""},"mobile":{"background-color":"","background-image":"","background-repeat":"repeat","background-position":"center center","background-size":"auto","background-attachment":"scroll","background-type":"","background-media":"","overlay-type":"","overlay-color":"","overlay-opacity":"","overlay-gradient":""}},"ast-content-background-meta":{"desktop":{"background-color":"var(--ast-global-color-5)","background-image":"","background-repeat":"repeat","background-position":"center center","background-size":"auto","background-attachment":"scroll","background-type":"","background-media":"","overlay-type":"","overlay-color":"","overlay-opacity":"","overlay-gradient":""},"tablet":{"background-color":"var(--ast-global-color-5)","background-image":"","background-repeat":"repeat","background-position":"center center","background-size":"auto","background-attachment":"scroll","background-type":"","background-media":"","overlay-type":"","overlay-color":"","overlay-opacity":"","overlay-gradient":""},"mobile":{"background-color":"var(--ast-global-color-5)","background-image":"","background-repeat":"repeat","background-position":"center center","background-size":"auto","background-attachment":"scroll","background-type":"","background-media":"","overlay-type":"","overlay-color":"","overlay-opacity":"","overlay-gradient":""}},"ngg_post_thumbnail":0,"footnotes":""},"class_list":["post-20886","page","type-page","status-publish","hentry"],"acf":[],"_links":{"self":[{"href":"https:\/\/www.ff-nitscha.at\/index.php?rest_route=\/wp\/v2\/pages\/20886","targetHints":{"allow":["GET"]}}],"collection":[{"href":"https:\/\/www.ff-nitscha.at\/index.php?rest_route=\/wp\/v2\/pages"}],"about":[{"href":"https:\/\/www.ff-nitscha.at\/index.php?rest_route=\/wp\/v2\/types\/page"}],"author":[{"embeddable":true,"href":"https:\/\/www.ff-nitscha.at\/index.php?rest_route=\/wp\/v2\/users\/1"}],"replies":[{"embeddable":true,"href":"https:\/\/www.ff-nitscha.at\/index.php?rest_route=%2Fwp%2Fv2%2Fcomments&post=20886"}],"version-history":[{"count":22,"href":"https:\/\/www.ff-nitscha.at\/index.php?rest_route=\/wp\/v2\/pages\/20886\/revisions"}],"predecessor-version":[{"id":22888,"href":"https:\/\/www.ff-nitscha.at\/index.php?rest_route=\/wp\/v2\/pages\/20886\/revisions\/22888"}],"wp:attachment":[{"href":"https:\/\/www.ff-nitscha.at\/index.php?rest_route=%2Fwp%2Fv2%2Fmedia&parent=20886"}],"curies":[{"name":"wp","href":"https:\/\/api.w.org\/{rel}","templated":true}]}}