{"id":20891,"date":"2022-02-05T10:11:09","date_gmt":"2022-02-05T10:11:09","guid":{"rendered":"https:\/\/www.ff-nitscha.at\/wptes\/?page_id=20891"},"modified":"2022-03-11T16:49:58","modified_gmt":"2022-03-11T16:49:58","slug":"funk","status":"publish","type":"page","link":"https:\/\/www.ff-nitscha.at\/?page_id=20891","title":{"rendered":"Funk"},"content":{"rendered":"\t\t<div data-elementor-type=\"wp-page\" data-elementor-id=\"20891\" class=\"elementor elementor-20891\">\n\t\t\t\t\t\t<section class=\"elementor-section elementor-top-section elementor-element elementor-element-abd0442 elementor-section-boxed elementor-section-height-default elementor-section-height-default\" data-id=\"abd0442\" data-element_type=\"section\" data-e-type=\"section\">\n\t\t\t\t\t\t<div class=\"elementor-container elementor-column-gap-default\">\n\t\t\t\t\t<div class=\"elementor-column elementor-col-100 elementor-top-column elementor-element elementor-element-0ea9f3a\" data-id=\"0ea9f3a\" data-element_type=\"column\" data-e-type=\"column\">\n\t\t\t<div class=\"elementor-widget-wrap elementor-element-populated\">\n\t\t\t\t\t\t<div class=\"elementor-element elementor-element-dc803e0 elementor-widget elementor-widget-heading\" data-id=\"dc803e0\" data-element_type=\"widget\" data-e-type=\"widget\" data-widget_type=\"heading.default\">\n\t\t\t\t<div class=\"elementor-widget-container\">\n\t\t\t\t\t<h2 class=\"elementor-heading-title elementor-size-default\">Funk<\/h2>\t\t\t\t<\/div>\n\t\t\t\t<\/div>\n\t\t\t\t\t<\/div>\n\t\t<\/div>\n\t\t\t\t\t<\/div>\n\t\t<\/section>\n\t\t\t\t<section class=\"elementor-section elementor-top-section elementor-element elementor-element-a61bbd5 elementor-section-boxed elementor-section-height-default elementor-section-height-default\" data-id=\"a61bbd5\" data-element_type=\"section\" data-e-type=\"section\">\n\t\t\t\t\t\t<div class=\"elementor-container elementor-column-gap-default\">\n\t\t\t\t\t<div class=\"elementor-column elementor-col-100 elementor-top-column elementor-element elementor-element-e631e33\" data-id=\"e631e33\" data-element_type=\"column\" data-e-type=\"column\">\n\t\t\t<div class=\"elementor-widget-wrap elementor-element-populated\">\n\t\t\t\t\t\t<div class=\"elementor-element elementor-element-77770b7 elementor-widget elementor-widget-text-editor\" data-id=\"77770b7\" data-element_type=\"widget\" data-e-type=\"widget\" data-widget_type=\"text-editor.default\">\n\t\t\t\t<div class=\"elementor-widget-container\">\n\t\t\t\t\t\t\t\t\t<p><span dir=\"ltr\" role=\"presentation\">Zur Kommunikation in der Feuerwehr wird ein eigenes Funknetz verwendet. <\/span><span dir=\"ltr\" role=\"presentation\">Von der Alarmierung durch die funkgesteuerten Sirenen, \u00fcber die Durchgabe des <\/span><span dir=\"ltr\" role=\"presentation\">Einsatzbefehls durch die Leitzentrale, ist die Kommunikation \u00fcber Funk im Einsatz selbst <\/span><span dir=\"ltr\" role=\"presentation\">unverzichtbar. Nur so ist der Einsatzleiter jederzeit informiert \u00fcber den Status der einzelnen <\/span><span dir=\"ltr\" role=\"presentation\">Gruppen bzw. Trupps. <\/span><span dir=\"ltr\" role=\"presentation\">Wir f\u00fchren in unseren Fahrzeugen neben fix eingebauten Ger\u00e4ten auch mehrere <\/span><span dir=\"ltr\" role=\"presentation\">Handfunkger\u00e4te mit. Zudem befindet sich im R\u00fcsthaus eine Fixstation. <\/span><span dir=\"ltr\" role=\"presentation\">Seit dem Jahr 2015 wird der Feuerwehrfunk im digitalen Funknetz \u201eBOS\u201c betrieben, in <\/span><span dir=\"ltr\" role=\"presentation\">welchem auch alle anderen Einsatzorganisationen ihren Funkverkehr abwickeln. <\/span><span dir=\"ltr\" role=\"presentation\">Damit das alles reibungslos funktioniert, ist eine gute Ausbildung unerl\u00e4sslich. <\/span><span dir=\"ltr\" role=\"presentation\">In der Grundausbildung erlernt jedes Feuerwehrmitglied den Umgang mit dem Funkger\u00e4t. <\/span><span dir=\"ltr\" role=\"presentation\">Weiters werden Kurse in der Feuerwehr- und Zivilschutzschule in Lebring angeboten, an denen viele unserer Mitglieder <\/span><span dir=\"ltr\" role=\"presentation\">teilnehmen.&nbsp;<\/span><\/p>\t\t\t\t\t\t\t\t<\/div>\n\t\t\t\t<\/div>\n\t\t\t\t\t<\/div>\n\t\t<\/div>\n\t\t\t\t\t<\/div>\n\t\t<\/section>\n\t\t\t\t<section class=\"elementor-section elementor-top-section elementor-element elementor-element-b38a827 elementor-section-boxed elementor-section-height-default elementor-section-height-default\" data-id=\"b38a827\" data-element_type=\"section\" data-e-type=\"section\">\n\t\t\t\t\t\t<div class=\"elementor-container elementor-column-gap-default\">\n\t\t\t\t\t<div class=\"elementor-column elementor-col-100 elementor-top-column elementor-element elementor-element-9afa065\" data-id=\"9afa065\" data-element_type=\"column\" data-e-type=\"column\">\n\t\t\t<div class=\"elementor-widget-wrap elementor-element-populated\">\n\t\t\t\t\t\t\t<\/div>\n\t\t<\/div>\n\t\t\t\t\t<\/div>\n\t\t<\/section>\n\t\t\t\t<\/div>\n\t\t","protected":false},"excerpt":{"rendered":"<p>Funk Zur Kommunikation in der Feuerwehr wird ein eigenes Funknetz verwendet. Von der Alarmierung durch die funkgesteuerten Sirenen, \u00fcber die Durchgabe des Einsatzbefehls durch die Leitzentrale, ist die Kommunikation \u00fcber Funk im Einsatz selbst unverzichtbar. Nur so ist der Einsatzleiter jederzeit informiert \u00fcber den Status der einzelnen Gruppen bzw. Trupps. Wir f\u00fchren in unseren Fahrzeugen [&hellip;]<\/p>\n","protected":false},"author":1,"featured_media":0,"parent":0,"menu_order":0,"comment_status":"closed","ping_status":"closed","template":"","meta":{"_acf_changed":false,"_eb_attr":"","site-sidebar-layout":"no-sidebar","site-content-layout":"page-builder","ast-site-content-layout":"","site-content-style":"default","site-sidebar-style":"default","ast-global-header-display":"","ast-banner-title-visibility":"","ast-main-header-display":"","ast-hfb-above-header-display":"","ast-hfb-below-header-display":"","ast-hfb-mobile-header-display":"","site-post-title":"disabled","ast-breadcrumbs-content":"","ast-featured-img":"disabled","footer-sml-layout":"","theme-transparent-header-meta":"","adv-header-id-meta":"","stick-header-meta":"","header-above-stick-meta":"","header-main-stick-meta":"","header-below-stick-meta":"","astra-migrate-meta-layouts":"default","ast-page-background-enabled":"default","ast-page-background-meta":{"desktop":{"background-color":"var(--ast-global-color-4)","background-image":"","background-repeat":"repeat","background-position":"center center","background-size":"auto","background-attachment":"scroll","background-type":"","background-media":"","overlay-type":"","overlay-color":"","overlay-opacity":"","overlay-gradient":""},"tablet":{"background-color":"","background-image":"","background-repeat":"repeat","background-position":"center center","background-size":"auto","background-attachment":"scroll","background-type":"","background-media":"","overlay-type":"","overlay-color":"","overlay-opacity":"","overlay-gradient":""},"mobile":{"background-color":"","background-image":"","background-repeat":"repeat","background-position":"center center","background-size":"auto","background-attachment":"scroll","background-type":"","background-media":"","overlay-type":"","overlay-color":"","overlay-opacity":"","overlay-gradient":""}},"ast-content-background-meta":{"desktop":{"background-color":"var(--ast-global-color-5)","background-image":"","background-repeat":"repeat","background-position":"center center","background-size":"auto","background-attachment":"scroll","background-type":"","background-media":"","overlay-type":"","overlay-color":"","overlay-opacity":"","overlay-gradient":""},"tablet":{"background-color":"var(--ast-global-color-5)","background-image":"","background-repeat":"repeat","background-position":"center center","background-size":"auto","background-attachment":"scroll","background-type":"","background-media":"","overlay-type":"","overlay-color":"","overlay-opacity":"","overlay-gradient":""},"mobile":{"background-color":"var(--ast-global-color-5)","background-image":"","background-repeat":"repeat","background-position":"center center","background-size":"auto","background-attachment":"scroll","background-type":"","background-media":"","overlay-type":"","overlay-color":"","overlay-opacity":"","overlay-gradient":""}},"ngg_post_thumbnail":0,"footnotes":""},"class_list":["post-20891","page","type-page","status-publish","hentry"],"acf":[],"_links":{"self":[{"href":"https:\/\/www.ff-nitscha.at\/index.php?rest_route=\/wp\/v2\/pages\/20891","targetHints":{"allow":["GET"]}}],"collection":[{"href":"https:\/\/www.ff-nitscha.at\/index.php?rest_route=\/wp\/v2\/pages"}],"about":[{"href":"https:\/\/www.ff-nitscha.at\/index.php?rest_route=\/wp\/v2\/types\/page"}],"author":[{"embeddable":true,"href":"https:\/\/www.ff-nitscha.at\/index.php?rest_route=\/wp\/v2\/users\/1"}],"replies":[{"embeddable":true,"href":"https:\/\/www.ff-nitscha.at\/index.php?rest_route=%2Fwp%2Fv2%2Fcomments&post=20891"}],"version-history":[{"count":14,"href":"https:\/\/www.ff-nitscha.at\/index.php?rest_route=\/wp\/v2\/pages\/20891\/revisions"}],"predecessor-version":[{"id":22099,"href":"https:\/\/www.ff-nitscha.at\/index.php?rest_route=\/wp\/v2\/pages\/20891\/revisions\/22099"}],"wp:attachment":[{"href":"https:\/\/www.ff-nitscha.at\/index.php?rest_route=%2Fwp%2Fv2%2Fmedia&parent=20891"}],"curies":[{"name":"wp","href":"https:\/\/api.w.org\/{rel}","templated":true}]}}